at is the thousands digit of v?
1
Let h = 128 + -126. What is the units digit of (-311 + -2)*(14/(-7) - h)?
2
Let h(z) = -z**3 + 28*z**2 - 40*z + 56. Let f be h(26). Let q = -212 + f. What is the hundreds digit of 33/(-22)*q/(-1)?
2
What is the tens digit of 5832 + -18 - (72/(-34) - 4/(-34))?
1
Let z(y) = -y**2 + 2*y + 21. Let v be z(5). Suppose v*c = 18*c - 240. Suppose c = -k + 53. What is the tens digit of k?
3
Let j(p) = -p**3 + 2*p**2 - 3*p + 2. Let b be j(2). Let n(x) = 2*x**2 - x - 5. Let u be n(6). Let k = u - b. What is the tens digit of k?
6
Suppose 9*m + 6*m - 17670 = 62400. What is the units digit of m?
8
Let b(f) = 42*f**2 + 92*f - 2. What is the thousands digit of b(17)?
3
Let r(o) = 1954*o + 1452. What is the hundreds digit of r(8)?
0
What is the units digit of 3/(9/71)*(1569 + -63)?
2
Suppose 47 = 5*r - 13. Suppose r*v - 2*v - 20 = 0. Suppose -7*m + 2*j = -2*m - 355, -v*j = 0. What is the tens digit of m?
7
Suppose 19*q = -239 - 255. What is the units digit of 50/(-325) - 28240/q?
6
Let p be 22*(65/10 + -3). Suppose -f + 339 - p = 0. What is the tens digit of f?
6
Suppose 0 = -t - 4, 4*m + 5*t = -4 - 8. Let f(h) = -h + 5*h**m - 4*h**2 - 2*h**3 + h. What is the units digit of f(-3)?
3
Let q(w) = -2*w + 11. Let p be q(10). Let h be 6/9*(-3)/6*p. Suppose -4*r = -4*d + 62 - 6, -h*r + 18 = 3*d. What is the tens digit of d?
1
Suppose 0 = 2*h + 6*i - 2*i - 10, 0 = 2*h + 5*i - 6. Suppose 34 = c + 16. Let j = h + c. What is the tens digit of j?
3
Let r be 14/(-21) + 11/3. Let w(l) = -r - 21*l + 0 + 0 - 1. What is the tens digit of w(-4)?
8
Let g(t) be the third derivative of 7/3*t**3 + 28*t**2 + 0*t + 11/24*t**4 + 0. What is the tens digit of g(4)?
5
Suppose 2*n - 2*j = -3*j + 247, 2 = 2*j. Suppose 18*m - 16*m - 40 = 0. Let w = n - m. What is the tens digit of w?
0
Let a be (6/((-48)/20))/(3/(-138)). Let k = a - 52. Suppose -k = -y + b, -4*b + 2*b + 122 = 2*y. What is the tens digit of y?
6
Suppose 3*i - 9187 = -2*t, 5*i - 13782 = 61*t - 64*t. What is the tens digit of t?
8
Suppose 147*j - 407582 - 385914 = 750445. What is the thousands digit of j?
0
Suppose t + 12 = 5*g - 7, 5*t + 5*g = -5. Let s(f) = 29*f**2 + 2*f - 24. What is the tens digit of s(t)?
3
Let c(b) = b**2 + 9*b - 10. Let g be (-87)/(-18) + 2/12. Suppose -m + 11 = g*d, 4 - 9 = -d. What is the tens digit of c(m)?
6
Let d = 57216 - 38063. What is the ten thousands digit of d?
1
Let t = -106 - -168. Suppose -2*k - t = -118. What is the tens digit of -4 + (k + 0)*9?
4
Let m(a) = a + 5. Let t(s) = 2*s + 208. Let x(r) = -3*m(r) + t(r). Let c(v) = v**3 - v**2 - 3*v + 2. Let g be c(2). What is the tens digit of x(g)?
9
Suppose 2*o = -3*z + 25, z + 0 = 4*o - 29. Suppose h - o - 6 = 0. Let d = 24 + h. What is the tens digit of d?
3
Let b = -700 - -1407. Let z = b + -504. What is the units digit of z?
3
Suppose -68 = -4*u - 2*t, 0*u + t + 92 = 5*u. Let k be (-20)/(-9) + -2 - 7942/u. Let h = k + 633. What is the hundreds digit of h?
1
Suppose -406*b - 4*i = -408*b + 17976, 4*b - 4*i - 35960 = 0. What is the tens digit of b?
9
What is the tens digit of (360/240)/((-2)/(-12956))?
1
Suppose -25*u - 21182 = 40868. Let v = u - -3989. What is the hundreds digit of v?
5
Suppose -20 = 3*n + 5*b, 3*b - 3 + 15 = -4*n. Suppose -v - 5*a = -26, n = -v + 2*v - 4*a + 19. Let x(h) = 91*h**2. What is the tens digit of x(v)?
9
Let t be -1 + 3 - (-657 - (1 + 1)). Suppose g + z - t = 234, 4*g - 3595 = z. What is the units digit of g?
8
Let x(j) = 765*j**3 - 39*j**2 + 80*j - 1. What is the hundreds digit of x(2)?
1
Suppose 22*m + 7770 = 29*m. Suppose 9*t - 906 = m. What is the hundreds digit of t?
2
Suppose -4*s + 24600 = 4*i - 124324, -2*s = 5*i - 74471. What is the hundreds digit of s?
2
Let g = 6117 - -975. What is the units digit of g?
2
Suppose -4*y = -4*g - 84772, -63537 = -685*y + 682*y - 4*g. What is the thousands digit of y?
1
Let y(i) = -4*i**3 + 54*i**2 - 25*i - 2. Let v be y(13). Suppose 0 = -v*x + 30*x - 1045. What is the units digit of x?
5
Let h(p) = p**3 + 6*p**2 - 9*p - 11. Let q be h(-7). Suppose -x + 3*c = -40, -8*x + q*x + 232 = c. What is the units digit of x?
6
Suppose -5*k = -3*n - 943, 2*n + 628 = -2*k + 5*k. Let b = -284 - n. What is the units digit of b?
7
Let z(u) = -u**2 - 2*u + 4. Let c be z(-4). Let r be 3/(2 + -2 + c/(-16)). Suppose 7*b - r*b = -340. What is the tens digit of b?
6
Suppose -o = -5*r - 12780, 0 = 2*o - 4*r - 26829 + 1257. What is the ten thousands digit of o?
1
Suppose -186*d + 109155 = -171*d. What is the thousands digit of d?
7
Suppose -g - 23710 = -6*w, w + 9*g - 3939 = 6*g. What is the thousands digit of w?
3
Let v(y) = -1053*y + 333. What is the tens digit of v(-12)?
6
Let z be 3 + (-1 - 3) - 1. What is the units digit of 16559/116 + z/(-8)?
3
Let h = 310 + -314. What is the units digit of 42/(-168) - (1629/h + -2)?
9
Suppose 0 = 5*i - 2*o - 5708, 0 = -5*i - 8*o + 11*o + 5707. What is the units digit of i?
2
Suppose -13*v = -11*v. Suppose v*w - 3*x = -w + 33, -5*x + 169 = 3*w. What is the units digit of w?
8
Let q(l) = -14*l + 1448. Let w be q(0). Suppose -f + 235 + 63 = 4*r, -r - w = -5*f. What is the tens digit of f?
9
Let n = 99 - 99. Let f = 0 - n. Suppose f = -2*g + 4*k + 294, -2*g - 2*k = 3*g - 735. What is the units digit of g?
7
Let o(y) = y**3 + 15*y**2 + 14*y + 3. Let v be o(-14). Suppose -v*r + 156 = -48. Suppose -2*k + r = -50. What is the tens digit of k?
5
Suppose -6*q + 563 = -553. Suppose -2*s + 16 = 2*s. Suppose 3*k = 5*h + q, -s*h - 256 = -k - 3*k. What is the units digit of k?
7
Suppose 0 = -20*x + 23*x. What is the tens digit of (-8)/(8 - x) - 644/(-2)?
2
Let x = 1149 - 1139. Let v = 4 - 2. What is the tens digit of (15/x - v) + (-1329)/(-6)?
2
Suppose 7*c + 487940 = 32*c - 5*c. What is the ten thousands digit of c?
2
Let f(y) be the second derivative of -y**5/20 - 4*y**4/3 - 29*y**3/6 - 41*y**2/2 + 212*y. What is the hundreds digit of f(-18)?
1
Let h = 28 - 26. Suppose -23*o = -18*o - 60. Suppose -h*t = -o*t + 200. What is the units digit of t?
0
Suppose -94 = -15*i - 1879. What is the hundreds digit of (-8)/(((-68)/i)/(-14 + 0))?
1
Let n = 3077 + -2072. Let b = 1440 - n. What is the tens digit of b?
3
Let v = 13 - 8. Let r = -4809 + 4811. Suppose -2*n - 2*n = -v*j - 255, -r*n - j + 131 = 0. What is the tens digit of n?
6
What is the thousands digit of (-3696)/((-36)/(-6))*(135/(-20) + -3)?
6
Suppose 5*r - 651 = -u + 186, -3*r - 3*u = -507. Let z = r + -66. What is the hundreds digit of z?
1
Let t be (-1 - -5) + (-7 - -8) - 9. Let d = 13 - 24. What is the units digit of -4 - (d + (-2 - t))?
5
Let a be 2/(-20) + (-3417)/(-170). What is the hundreds digit of (0 - a)*-2*(-258)/(-30)?
3
Suppose 114*g + 240944 = 151*g. What is the hundreds digit of g?
5
Let y(a) = 44*a - 10. Let x be y(-4). What is the units digit of ((-4 + x)/1)/((-5)/10)?
0
Suppose 0 = 561*n - 2997928 + 126273 - 3223610. What is the tens digit of n?
6
Let n = -31 + 43. Let k be 2 + -3 - n/(-3). Suppose -5*g = -2*b - 115, k*g + b = 4*b + 69. What is the tens digit of g?
2
Let o(j) = 25 + 22 - 14*j + j**2 + 16. What is the units digit of o(19)?
8
Let s(z) = -z**2 - 46*z + 40. Suppose u = 35 - 57. What is the tens digit of s(u)?
6
Let s be (-12)/3 - (14 - 5270). Suppose s = 21*a - 124. What is the units digit of a?
6
Let p = 91 - 56. Suppose 0 = 27*o - p*o + 4592. What is the units digit of o?
4
Suppose -3*s + 3*b + 9 = 0, -9*s + 15 = -5*s - 3*b. What is the units digit of (1152 - s) + (0 - (7 - 2))?
1
Let d = -267 + 267. What is the hundreds digit of (1 - d)*1278/(33/11)?
4
Let w(q) = -14*q + 21317. Let x be w(0). Suppose -x = -32*l + 5179. What is the tens digit of l?
2
Let i(l) = -1 - 13*l - 4 - 7. Let z(v) = v**2 - 16*v - 23. Let k be z(17). What is the units digit of i(k)?
6
What is the tens digit of (-153476)/(-22) + 286/(-1573)?
7
What is the units digit of 2/10 + (-46)/(-4)*336/280?
4
Suppose 8*h - 9 = -2*y + 9*h, 2*h = 2*y - 10. Suppose 3*r + 18 = -2*z + z, -3*z - y*r - 34 = 0. What is the units digit of 513/6*(-4)/z - 0?
7
What is the tens digit of ((-3 - 0) + 0)*71/(3621/(-177004))?
1
Let c(y) = y**3 + 25*y**2 - 243*y + 72. What is the thousands digit of c(-26)?
5
Suppose 0 + 0 = 19*m. Suppose m = 5*a + 405 - 2825. What is the hundreds digit of a?
4
Let t =